920?
-10faa920
In base 12, what is 5 + 1b044a4?
1b044a9
In base 5, what is -3 + -2321041240?
-2321041243
In base 6, what is 4051 - -5435120?
5443211
In base 15, what is 3a4 + d7065?
d7419
In base 15, what is 5161b58b + 5?
5161b591
In base 13, what is -23c4b19 - -1a?
-23c4acc
In base 3, what is 222 - -1220012021201210?
1220012021202202
In base 9, what is 1 - -72680477?
72680478
In base 10, what is 11597984 - 30?
11597954
In base 3, what is 1200120010212110 + 0?
1200120010212110
In base 13, what is -3 - 716606a?
-7166070
In base 9, what is -8 + -580152?
-580161
In base 3, what is -2100220 - -20021221121?
20012120201
In base 16, what is -1 - -1b09525?
1b09524
In base 5, what is -2313233344 + -332?
-2313234231
In base 10, what is -10540821 - -2?
-10540819
In base 15, what is bd - -2140a?
214c8
In base 7, what is 1514 + -40364?
-35550
In base 8, what is 5 - -675225601?
675225606
In base 12, what is -227 - -12aa9?
12882
In base 2, what is -11011000101 - -10000001111110010?
1111110100101101
In base 4, what is -101111111010 - -112?
-101111110232
In base 4, what is 3 + 302303331223?
302303331232
In base 16, what is 60181c6 - 5?
60181c1
In base 16, what is -32c60 + -62?
-32cc2
In base 2, what is 101011 + -1111110000111011000101?
-1111110000111010011010
In base 6, what is 1215 + 2045201?
2050420
In base 10, what is -23 + 245447?
245424
In base 2, what is -1010101100 + -1000110001101000111?
-1000110010111110011
In base 14, what is 45349 - 38c?
44d9b
In base 15, what is -89 - 2ceb03?
-2ceb8c
In base 12, what is 24 - -3989b?
39903
In base 7, what is 1144254 - -36?
1144323
In base 11, what is -5 + -16a3664?
-16a3669
In base 2, what is -1111010 + -1001010101101001010?
-1001010101111000100
In base 9, what is 165851443 + 3?
165851446
In base 9, what is 113303 + -1426?
111766
In base 15, what is -15ad1e + -9?
-15ad28
In base 5, what is -3033 - 2411443?
-2420031
In base 9, what is -18 - -120425201?
120425172
In base 8, what is 2554274 + 506?
2555002
In base 15, what is 691 + -d8d?
-6ec
In base 12, what is -471 + -a0?
-551
In base 13, what is 55b6 + -115?
54a1
In base 6, what is -10 + 322435324?
322435314
In base 2, what is -1001000011001010001010 - -11000?
-1001000011001001110010
In base 12, what is 37 + -4302a?
-42bb3
In base 2, what is -10101000011000100011 + 11111?
-10101000011000000100
In base 4, what is 203121120 + -2220?
203112300
In base 13, what is 5 + -11359503?
-113594cb
In base 16, what is -a28 - c4?
-aec
In base 6, what is -30 - 3234553?
-3235023
In base 6, what is 45 - 4521415?
-4521330
In base 15, what is -4 + -73560c?
-735611
In base 15, what is -366dc + -7ae?
-36e9b
In base 2, what is 111 - 101110100101011110110?
-101110100101011101111
In base 3, what is 1111011202020 - 10000?
1111011122020
In base 3, what is -2112 - -1200101012?
1200021200
In base 6, what is 1 + -10010500331?
-10010500330
In base 7, what is 1001220 - 116?
1001101
In base 5, what is -101 + -1110422121?
-1110422222
In base 5, what is 4 + 342224133144?
342224133203
In base 15, what is -d5b - 94c76?
-95ad2
In base 14, what is -1 + -1879c6?
-1879c7
In base 6, what is -253541 + 12252?
-241245
In base 14, what is -b0ba7a2 - -5?
-b0ba79b
In base 3, what is -20020001 - 1110102122?
-1200122200
In base 5, what is 0 + -10131342?
-10131342
In base 10, what is -2048 - 23025?
-25073
In base 11, what is -39302491 - 4?
-39302495
In base 7, what is 32 - -10652020?
10652052
In base 15, what is -bb9da79 + 0?
-bb9da79
In base 11, what is 4992 + -621?
4371
In base 11, what is 117088a6 + -10?
11708896
In base 15, what is 0 - -142be1?
142be1
In base 8, what is 414 - 556056?
-555442
In base 5, what is 4210121101 - 12?
4210121034
In base 13, what is 580346 + -9?
58033a
In base 5, what is -321234 - -433202?
111413
In base 8, what is 1527376 - 152?
1527224
In base 4, what is -2 - -233311321210?
233311321202
In base 12, what is 22621a2 + -9?
2262195
In base 7, what is 51 - 5052524?
-5052443
In base 2, what is -1000111001011110000 - 1100011001?
-1000111011000001001
In base 2, what is 10110110101000000010 + 1100?
10110110101000001110
In base 11, what is 357a8a4 + 1?
357a8a5
In base 8, what is -2362 + -3605?
-6167
In base 3, what is 2212021 - -1222001?
11211022
In base 7, what is -1 + 205140110?
205140106
In base 13, what is 65bc5 - 25?
65ba0
In base 10, what is 354 - 6286?
-5932
In base 5, what is -220121 - 104440?
-330111
In base 2, what is 110100 - -110111100100001111?
110111100101000011
In base 6, what is 24000 + -40124?
-12124
In base 2, what is 1011000 + -100100011111101?
-100100010100101
In base 8, what is -1330 + 160673?
157343
In base 9, what is 50858331 + 4?
50858335
In base 4, what is -112 - 31223120013?
-31223120131
In base 11, what is -a078044 + 3?
-a078041
In base 5, what is -4022444 - -102?
-4022342
In base 12, what is -180594bb + -10?
-1805950b
In base 14, what is 1a8d665d + 3?
1a8d6662
In base 7, what is -4 + 1414433?
1414426
In base 5, what is -41244312 - -333?
-41243424
In base 3, what is 221112010210 - -1202010?
221120212220
In base 15, what is -17e0 + -39d?
-1b8d
In base 15, what is 9373b0 - -4?
9373b4
In base 3, what is -1002 - -201121022?
201120020
In base 13, what is 4 - 7c14b9?
-7c14b5
In base 12, what is -2615 + 1779?
-a58
In base 7, what is 401254400 + -5?
401254362
In base 3, what is -2022222100 - -1002?
-2022221021
In base 3, what is 20021000020 - 20?
20021000000
In base 7, what is -225 - -1643662?
1643434
In base 8, what is -11 - -6770017?
6770006
In base 13, what is 0 + 3716b6a?
3716b6a
In base 11, what is -2956 - 21a8?
-5053
In base 16, what is 3 + -220b320?
-220b31d
In base 10, what is -67 + -87522?
-87589
In base 15, what is 110c - 1660?
-553
In base 4, what is -102 + -21131331231?
-21131331333
In base 3, what is -122021101212 - -102?
-122021101110
In base 16, what is 5c63 + -328?
593b
In base 11, what is -40 - 23212?
-23252
In base 7, what is 104232116 - -30?
104232146
In base 4, what is -220 - 13011332212?
-13011333032
In base 7, what is 11465 - 15416?
-3621
In base 9, what is 7583416 - 2?
7583414
In base 9, what is 7 + 1301120?
1301127
In base 15, what is -ca5 + 597b2?
58a0c
In base 12, what is -152 + -102a2?
-10434
In base 13, what is 12 - -401b64?
401b76
In base 8, what is -331 + 6445531?
6445200
In base 14, what is 1064585 - -3a?
10645c1
In base 4, what is 10012323 + 1203?
10020132
In base 12, what is -6449 - -649?
-5a00
In base 7, what is -53 - 1035320?
-1035403
In base 12, what is -2b8 - 88762?
-88a5a
In base 7, what is 16 + -15025545?
-15025526
In base 6, what is -4 - 251113045?
-251113053
In base 7, what is 5 - 211503313?
-211503305
In base 8, what is 103 - -5606373?
5606476
In base 11, what is -2 + -31a008?
-31a00a
In base 15, what is 0 - -70112a?
70112a
In base 7, what is 11510325 - 62?
11510233
In base 7, what is -11 - 112102263?
-112102304
In base 15, what is 13a460 - 41?
13a41e
In base 15, what is aeb - -b818?
c414
In base 8, what is 7657021 - -1?
7657022
In base 16, what is -3 + -167192?
-167195
In base 2, what is 10110010010010 - 10011000001011?
11010000111
In base 2, what is -101000 + 1101011011110100011101?
1101011011110011110101
In base 16, what is 5 - 1fa585?
-1fa580
In base 15, what is -20 - 6d603?
-6d623
In base 7, what is -22526551 + -2?
-22526553
In base 11, what is 1939 - 2809?
-980
In base 13, what is -1010 + 4b2b?
3b1b
In base 9, what is -82 - 264440?
-264532
In base 5, what is -22001000 + 13?
-22000432
In base 15, what is 40e23481 + 3?
40e23484
In base 6, what is -135434 - 102?
-135540
In base 11, what is 267 + -17197?
-16a30
In base 7, what is 1053 + 106266?
110352
In base 5, what is -3002220020 - -142?
-3002214323
In base 7, what is 31433 - -6562?
41325
In base 5, what is -4412112 - -131203?
-4230404
In base 6, what is -210 + 225203531?
225203321
In base 7, what is -133626 - 2?
-133631
In base 6, what is -12402230 + 115?
-12402111
In base 11, what is -901a + -1339?
-a358
In base 4, what is -111312332232232 + 11?
-111312332232221
In base 7, what is 46301 - -211?
46512
In base 3, what is 10100002111012100 + 12?
10100002111012112
In base 6, what is 21302 + -4252?
13010
In base 11, what is 5248437 + 37?
5248473
In base 3, what is 121011202000122112 - -1?
121011202000122120
In base 9, what is 71085 - 243?
70742
In base 5, what is -244010311 - 13?
